base 5.
-433200
Convert -13d0 (base 14) to base 12.
-204a
What is -11010100001 (base 2) in base 4?
-122201
What is 16661 (base 12) in base 10?
32041
Convert -4a4 (base 12) to base 9.
-857
Convert -586 (base 11) to base 3.
-221220
-122112 (base 3) to base 8
-731
-21620 (base 7) to base 3
-21110222
What is 154103 (base 7) in base 16?
761c
12340 (base 5) to base 15
44a
-41 (base 13) to base 9
-58
What is -181c (base 13) in base 9?
-4811
-60700 (base 8) to base 15
-7634
Convert -1231332 (base 5) to base 6.
-302543
What is 3161 (base 11) in base 14?
1749
Convert 44011 (base 5) to base 7.
11523
Convert -1103434 (base 5) to base 11.
-13505
-11011010011100 (base 2) to base 5
-421410
What is -b7b0 (base 13) in base 10?
-25493
4415 (base 11) to base 5
141244
Convert -116013 (base 7) to base 13.
-98b8
Convert -22261 (base 9) to base 6.
-152301
What is 1505222 (base 6) in base 5?
10233302
Convert 1913 (base 16) to base 10.
6419
Convert -4323 (base 15) to base 16.
-3780
-1a95 (base 11) to base 12
-1645
-200000021 (base 3) to base 10
-13129
Convert -135051 (base 6) to base 5.
-402100
-232 (base 11) to base 12
-1b1
Convert -7128 (base 10) to base 12.
-4160
What is -13303 (base 6) in base 15?
-920
What is -615b (base 12) in base 5?
-314313
What is -3177 (base 8) in base 15?
-75d
What is -1205 (base 7) in base 9?
-545
Convert -1a81 (base 12) to base 4.
-303001
Convert -10202212 (base 3) to base 15.
-c35
What is -10a10 (base 11) in base 16?
-3df6
-67776 (base 8) to base 3
-1110022212
What is 1434 (base 5) in base 7?
466
312 (base 6) to base 10
116
-22010 (base 4) to base 8
-1204
-5106 (base 15) to base 3
-212110120
Convert -534 (base 16) to base 11.
-1001
-10110010000 (base 2) to base 16
-590
What is 5281 (base 15) in base 10?
17446
-5431 (base 13) to base 11
-8878
What is -49320 (base 11) in base 14?
-1bbc4
What is a7c3 (base 15) in base 10?
35508
What is 5535 (base 11) in base 3?
101000022
Convert -325 (base 9) to base 16.
-10a
What is -10421 (base 16) in base 7?
-365102
What is 10111010 (base 3) in base 14?
cd7
-1a9 (base 11) to base 14
-132
What is 310 (base 13) in base 14?
292
Convert -537 (base 10) to base 2.
-1000011001
8437 (base 10) to base 15
2777
What is -666 (base 9) in base 12?
-396
What is 120011201 (base 3) in base 12?
649a
Convert 122430 (base 8) to base 13.
16311
Convert 1404 (base 7) to base 4.
20133
What is -528 (base 13) in base 10?
-879
What is -101010001100 (base 2) in base 3?
-10201000
What is -1375 (base 13) in base 15?
-c6a
a41 (base 12) to base 14
785
What is 1311441 (base 5) in base 4?
12110033
1915 (base 16) to base 7
24502
What is -2111221201 (base 3) in base 8?
-140601
What is -1113321 (base 4) in base 8?
-12771
What is -4524 (base 7) in base 14?
-84b
1424243 (base 5) to base 16
74fc
220 (base 10) to base 4
3130
What is -1491 (base 15) in base 5?
-120121
Convert 20110 (base 6) to base 8.
5112
Convert 140542 (base 7) to base 5.
1323221
-48d (base 15) to base 11
-85a
What is -3435 (base 9) in base 5?
-40133
Convert -9130 (base 11) to base 12.
-7031
-314d (base 16) to base 3
-122022110
What is -22020 (base 3) in base 2?
-11011110
Convert 111021 (base 3) to base 15.
18d
-100342 (base 6) to base 8
-17346
1022212 (base 4) to base 14
1a50
What is 2aa (base 16) in base 15?
307
-10303301 (base 4) to base 13
-8c72
Convert 47847 (base 9) to base 10.
32038
What is a4d (base 14) in base 2?
11111101101
Convert 439 (base 11) to base 14.
298
What is -3cc (base 13) in base 4?
-22203
106 (base 11) to base 14
91
What is -240623 (base 8) in base 15?
-195d3
Convert 175a (base 11) to base 9.
3062
Convert de (base 16) to base 2.
11011110
-15135 (base 8) to base 11
-5086
-3979 (base 12) to base 14
-2577
Convert -2013 (base 6) to base 10.
-441
What is 12414 (base 6) in base 10?
1882
What is -4822 (base 15) in base 12?
-8a58
What is -594 (base 16) in base 12?
-9b0
Convert -100110010001 (base 2) to base 16.
-991
What is 101100000 (base 3) in base 8?
16555
Convert -513 (base 7) to base 14.
-143
Convert 3031113 (base 5) to base 8.
137414
Convert 4563 (base 10) to base 5.
121223
12023 (base 4) to base 2
110001011
What is 1201 (base 3) in base 16?
2e
Convert -1ae (base 16) to base 10.
-430
Convert 21100 (base 4) to base 5.
4332
What is 1161 (base 9) in base 8?
1541
60a (base 13) to base 10
1024
Convert -15226 (base 7) to base 3.
-12210211
Convert 282 (base 10) to base 12.
1b6
-10020032 (base 4) to base 13
-790a
cc79 (base 14) to base 5
2113022
Convert -2cb (base 14) to base 13.
-34c
Convert -54151 (base 6) to base 9.
-11144
Convert -b7 (base 13) to base 15.
-a0
Convert -54534 (base 6) to base 7.
-31000
Convert 1502 (base 10) to base 11.
1146
-22c9 (base 15) to base 14
-299b
What is -11233 (base 4) in base 3?
-111121
44a (base 12) to base 6
2534
What is -14011 (base 7) in base 9?
-5161
337 (base 12) to base 3
122121
What is 17a15 (base 11) in base 14?
926c
What is -225a (base 12) in base 15?
-11e4
Convert 5101 (base 6) to base 14.
59b
Convert 116a7 (base 15) to base 10.
55507
Convert -2414 (base 6) to base 10.
-586
-2201022 (base 4) to base 8
-24112
Convert -14da (base 16) to base 15.
-18ad
-1543 (base 7) to base 6
-2511
Convert 140147 (base 8) to base 5.
3034010
-47a4 (base 11) to base 10
-6285
What is 1775 (base 11) in base 6?
14244
What is -3023431 (base 5) in base 2?
-1011110111101000
What is 6485 (base 10) in base 3?
22220012
What is 27043 (base 8) in base 10?
11811
-101101100 (base 2) to base 16
-16c
What is 5036 (base 10) in base 5?
130121
Convert 23751 (base 9) to base 16.
3e32
-5468 (base 11) to base 9
-10804
Convert 231a (base 16) to base 13.
4123
Convert 29e2 (base 15) to base 4.
2030123
What is 131153 (base 8) in base 7?
250110
Convert 387 (base 11) to base 12.
322
15153 (base 6) to base 16
98d
What is -4234 (base 6) in base 8?
-1676
Convert 1d33d (base 14) to base 8.
221753
-364 (base 15) to base 5
-11034
Convert 5994 (base 14) to base 13.
7151
What is -3232 (base 5) in base 7?
-1201
324 (base 6) to base 3
11121
Convert -34261 (base 9) to base 10.
-22816
What is -3734 (base 12) in base 15?
-1ca7
Convert 1357 (base 12) to base 3.
10001111
Convert -533 (base 11) to base 12.
-455
Convert -120031 (base 4) to base 9.
-2111
What is -67a (base 13) in base 14?
-599
Convert 1010101011 (base 2) to base 13.
407
What is 10201202012 (base 3) in base 14?
1caa1
Convert d6a (base 14) to base 7.
10463
321 (base 9) to base 10
262
Convert -682 (base 10) to base 11.
-570
Convert 26b (base 13) to base 4.
12223
Convert dd (base 14) to base 9.
236
Convert 2020201 (base 3) to base 6.
11331
c4e (base 15) to base 12
1732
Convert -12100 (base 3) to base 9.
-170
What is 41316 (base 8) in base 4?
10023032
What is -531255 (base 6) in base 3?
-2012002222
-1001 (base 6) to base 9
-261
What is -4065 (base 7) in base 16?
-58b
Convert 4346 (base 7) to base 2.
11000010001
Convert -1212321 (base 4) to base 11.
-4a47
What is -54146 (base 8) in base 10?
-22630
What is 1141 (base 8) in base 14?
317
Convert -1011111111 (base 2) to base 9.
-1042
Convert -229 (base 12) to base 3.
-102220
9803 (base 12) to base 14
6135
556 (base 8) to base 2
101101110
-504 (base 8) to base 2
-101000100
What is 30335 (base 8) in base 14?
47b7
What is 82437 (base 9) in base 13?
1b943
What is -121a (base 15) in base 12?
-228a
What is -1110100011 (base 2) in base 14?
-4a7
10e (base 15) to base 7
461
-22211222 (base 3) to base 7
-24545
1e4 (base 15) to base 9
537
Convert -574 (base 11) to base 4.
-22232
What is -6d8 (base 15) in base 13?
-926
13420 (base 7) to base 5
104030
What is -141231 (base 5) in base 3?
-21222102
Convert -5960 (base 11) to base 14.
-2bbc
What is -37420 (base 10) in base 9?
-56287
7a5 (base 14) to base 16
5ed
-11330233 (base 4) to base 13
-b125
12b7 (base 15) to base 4
332131
Convert -2219 (base 11) to base 2.
-101101101100
What is 5bbb (base 12) in base 14?
3ac7
What is -34a (base 12) in base 6?
-2134
What is 3745 (base 10) in base 14?
1517
Convert -3342 (base 5) to base 4.
-13120
Convert 42 (base 8) to base 16.
22
What is 51 (base 8) in base 7?
56
288 (base 15) to base 2
1001000010
Convert 206 (base 13) to base 8.
530
Convert 1220100 (base 3) to base 9.
1810
What is -1021030 (base 4) in base 10?
-4684
1000201101 (base 3) to base 2
100111011101110
1 (base 11) to base 2
1
Convert 2023002 